-2*j - 10*o + 174, 0 = 5*j - o - 412. Suppose -j*z + 85*z - 87 = 0. What is the remainder when 71 is divided by z?
13
Let v(p) = 5*p**2 - 7*p + 6. Let s be 4 + 4 + -2 - 2. Suppose 0 = -15*j - 19*j + 5814. What is the remainder when j is divided by v(s)?
55
Let g = -22 - -29. Suppose 4*t + 27 = 67. Let q(a) = a**2 - 10*a + 31. What is the remainder when q(t) is divided by g?
3
Calculate the remainder when (-92)/14 + 6 + (-42144)/(-56) is divided by 188.
0
Let f(p) = -69*p + 776. Calculate the remainder when f(-11) is divided by 55.
50
Let g(a) = -1497*a - 4476. Let s = -6 - -46. Calculate the remainder when s is divided by g(-3).
10
Suppose -106*y - 75*y + 24435 = 0. Calculate the remainder when 254 is divided by y.
119
Suppose 34*c - 14*c - 200 = 0. Let n(j) = -2*j**2 + 20*j - 12. Let i be n(9). Suppose -2*g = i - c. What is the remainder when 7 is divided by g?
1
Suppose 0 = -z + 82 + 88. Suppose -14*q = 3*q - z. What is the remainder when 89 is divided by q?
9
Let b be (-744)/(-60) + 6/10. Suppose -5*k = -b*k + 512. Suppose -48 = -4*s - 4*d, -2*s + 5*d + 6 + 25 = 0. Calculate the remainder when k is divided by s.
12
Suppose 82*n - 32525 + 9237 = 0. Calculate the remainder when 580 is divided by n.
12
Suppose 13*n - 20 = 3*n. Suppose -k + 108 = n*k. What is the remainder when (-4 + k/8)/((-1)/(-130)) is divided by 23?
19
Calculate the remainder when 20425 is divided by (-2 - (-84)/(-2))*(-829)/3316.
9
Let g(y) = 4*y**3 - 11*y**2 + 10*y - 5. Let d be g(4). Let k = -101 + d. What is the remainder when (-9)/((-38)/16 + 2) is divided by k?
10
Let b = -42 + 45. Suppose 0 = -b*i - 2*w + 23, 16 = 5*i + 2*w - 17. Let y = -38 - -62. What is the remainder when y is divided by i?
4
Suppose 0 = -4*m + 54 - 58. Let o = 3 + m. Suppose o*n = 0, -n - 82 = 4*j - 546. Calculate the remainder when j is divided by 30.
26
Let v = 1786 + -1767. Calculate the remainder when 125 is divided by v.
11
Suppose 201*f + 5831 = 30206 + 9996. What is the remainder when 354 is divided by f?
12
Suppose 4*b - 6 = -j, 0 = -4*j - 2*b + 5 + 5. Let i be (1 + 0)*(4 - 0). What is the remainder when 26 is divided by i/(-2) + (j - -7)?
5
Calculate the remainder when 247 is divided by 49 + -6 + 15 + -2.
23
Suppose q = 4 - 2, 0 = -5*v + 2*q + 841. Suppose 3*u - v - 76 = -4*n, u = 4*n + 71. Let x = -40 + u. Calculate the remainder when x is divided by 10.
9
Let d(b) = -b**3 - 34*b**2 - 10*b - 76. Let y be d(-34). Let l = 293 - y. What is the remainder when 115 is divided by l?
28
Let k be 16/10*(9 - (-3)/3). Let h(f) = 2*f**2 - 20*f - 13. What is the remainder when h(k) is divided by 26?
23
Calculate the remainder when 219 is divided by 520*(-11)/(-264) + (-8)/(-6).
12
Let w be (84/(-105))/(4/(-10)). Suppose -x = w - 27. Calculate the remainder when 131 is divided by x.
6
Let p(x) = x**2 + 4*x - 1. Let t be p(-9). Let q be 141/6 + 2/4. Let w = t - q. What is the remainder when 53 is divided by w?
13
Suppose 3*a + u - 28 = -4*u, 3*a = -3*u + 24. Suppose 280*y - 212*y = 26044. What is the remainder when y is divided by a?
5
Suppose -2*z = -5*z + 18. What is the remainder when (((-1)/(-2))/(22/(-660)))/(6 + -7) is divided by z?
3
Suppose 4606*v - 4585*v - 15414 = 0. What is the remainder when v is divided by 13?
6
Suppose 5*g - 3 = 2*g + 4*r, 3*r - 19 = -2*g. Suppose g*t - 3*y - 780 = 0, -5*t + 2*y = -382 - 403. What is the remainder when t is divided by 4?
3
What is the remainder when 3*39 - (3 + -1) is divided by (66/(-36))/(-11) + (-353)/(-6)?
56
Suppose -107*m - 10*m + 1233063 = 0. What is the remainder when m is divided by 251?
248
What is the remainder when 1286/((-1708)/(-210) + -8) is divided by 18?
15
Let x = -17577 + 17596. What is the remainder when 138 is divided by x?
5
Let i = -30 + 65. Let t be ((-80)/96)/(2/(-12)). Suppose 15*n = 14*n - 3*w + 11, -w + 41 = t*n. What is the remainder when i is divided by n?
3
Let x be (((-15)/2)/5)/((-6)/376). Let n = x - 51. Let g = -29 + n. Calculate the remainder when 80 is divided by g.
10
Let o(c) = c**3 - 8*c**2 + 24*c - 85. Let y be (-2 - -3)/(2/10). Suppose a + 3*a = y*z + 516, 2*z = a - 126. Calculate the remainder when a is divided by o(7).
32
Let n(h) = 301*h**2 - 3*h - 1. Calculate the remainder when n(1) is divided by 112.
73
Let z be (-446)/((-2)/(4/(-10)) - 3). Let l = 236 + z. Calculate the remainder when 61 is divided by l.
9
Let p be (-12)/10*30/(-12). What is the remainder when (-8)/12 + 74/p + -4 is divided by 4?
0
Suppose -d = -s - 4, 3*s + 4 = 5*d - 16. Let k(v) = v**3 - v**2 + 7*v + 12. What is the remainder when 23 is divided by k(s)?
11
Suppose 149*a - 102*a - 77*a + 750 = 0. Calculate the remainder when 108 is divided by a.
8
Let q = 4093 + -3539. Let b(c) = -38*c - 21. What is the remainder when q is divided by b(-3)?
89
Let o be (0 - -4)*-1 - (49 + 28). What is the remainder when (-5076)/o*(-3)/(-4) is divided by 8?
7
Suppose 20*u = -40*u + 9639 - 1299. Calculate the remainder when u is divided by 34.
3
Suppose 2*i - 270 = a, -254*i = -250*i - 5*a - 522. What is the remainder when 138 is divided by i?
0
Let a(l) = -l**3 - 43*l**2 + 67*l + 100. What is the remainder when a(-45) is divided by 9?
1
Suppose 20*y = -4310 + 330. Let o = y + 234. What is the remainder when 80 is divided by o?
10
Suppose -4*l + 52 = 8. Suppose 19*v - 40 = l*v. Suppose 0*t - 65 = -v*t. Calculate the remainder when 49 is divided by t.
10
Let p(x) = -111*x - 224. What is the remainder when p(-5) is divided by 93?
52
Suppose -442 = -7*c - c + 2*u, -c - 2*u + 53 = 0. Calculate the remainder when 546 is divided by c.
51
Let r = 27 + 2. Calculate the remainder when 66 is divided by r.
8
Suppose -3*b - 4 = -5*b. Let f be (5 - 1 - 2)/(b/4). Calculate the remainder when ((-4)/6)/(10288/(-2568) + f) is divided by 16.
11
Let t(j) = -j**2 - 11*j + 2. Suppose -26 = w - 3*n, -2*n + 14 = -3*w - 29. Let c be t(w). Suppose b - 177 = -c*b. What is the remainder when b is divided by 21?
17
Suppose 73*b - 17*b - 41*b - 2805 = 0. Calculate the remainder when b is divided by 18/(3*2/9).
25
Let q = 484 - 441. What is the remainder when 184 is divided by q?
12
Let d = 69 - 49. Let g be 2*d/16*90. Suppose 7*c = -2*c + g. Calculate the remainder when c is divided by 15.
10
Suppose 3*p = 5*t - 123, -135*t + 131*t = 0. Let j = p + 135. Calculate the remainder when j is divided by 70/4*(-4)/(-5).
10
Suppose 0*s - 8*s = -3*s. Suppose -1 = 2*f + 9, s = -3*g + 5*f + 364. What is the remainder when g is divided by 17?
11
Suppose 2*k + 5*h - 5 = 10*h, -4*k = 5*h - 55. Suppose 9*a = 98 + k. Calculate the remainder when 381 is divided by a.
9
Let y = -14698 - -14861. Calculate the remainder when 188 is divided by y.
25
Let q(w) = -213*w**2 - 896*w - 2. Calculate the remainder when 564 is divided by q(-4).
42
Let r = -200 + 574. Calculate the remainder when r is divided by ((5/(-7))/(7/21))/((-8)/280).
74
Let h be 8517/255 - (-4)/(-10). Let l(x) = x**2 - 35*x + 141. Calculate the remainder when l(h) is divided by 38.
37
Let k = 49 - -14. Calculate the remainder when k is divided by ((-112)/(-48))/(-1 - (-14)/12).
7
Suppose -24 = -y - 5*t, 5*t = -30*y + 25*y + 200. What is the remainder when y/(-66)*495/(-2) is divided by 17?
12
Suppose -x = 6*c - 3*c - 203, -895 = -5*x + 5*c. Calculate the remainder when 261 is divided by x.
76
Let v = 578 - 485. Calculate the remainder when v is divided by 12.
9
Let m(t) = -t**2 + 103*t + 2603. What is the remainder when m(104) is divided by 10?
9
Let z(m) = 8*m + 300. Calculate the remainder when 16 is divided by z(-37).
0
Let n(o) = -o**2 + 132*o - 1856. What is the remainder when 4492 is divided by n(82)?
4
Suppose -30 + 0 = -2*d. Suppose -144 = -3*h + d*h. Let x = 64 + h. Calculate the remainder when x is divided by 27.
25
Let x = 2988 + -2272. Calculate the remainder when x is divided by 208.
92
Suppose 299*i - 301*i + 104 = 4*x, -x + 33 = -3*i. What is the remainder when 1321 is divided by x?
25
Suppose 2 = 2*y - 2. Suppose 37 = -y*i + 3*i. Suppose 37 - 71 = 21*o - 307. What is the remainder when i is divided by o?
11
Let u(d) be the first derivative of -d**4/4 - 16*d**3/3 - 8*d**2 - 36*d - 140. Calculate the remainder when u(-16) is divided by 9.
4
Let p(w) = w**2 + 5*w + 474. What is the remainder when p(0) is divided by 7?
5
Sup